In base 10, what is 247 + -8839?
-8592
In base 12, what is -16 - -9a9?
993
In base 4, what is -313 + 31103?
30130
In base 9, what is -3348 - -240?
-3108
In base 8, what is -233111 + 5?
-233104
In base 9, what is 24284 + -113?
24171
In base 6, what is 54 - 111442?
-111344
In base 14, what is -399 + 32c?
-6b
In base 9, what is -60 - 26626?
-26686
In base 6, what is 3 + 12411132?
12411135
In base 16, what is -61 + -2e0?
-341
In base 15, what is 41b860 - 2?
41b85d
In base 11, what is 328a4 - -32?
32926
In base 15, what is -1b2 - 4?
-1b6
In base 16, what is -111 - 16f?
-280
In base 15, what is -11a + 2a?
-e0
In base 3, what is -10 + 10120022012?
10120022002
In base 3, what is 0 - -12012012210?
12012012210
In base 4, what is 30 + -2112333?
-2112303
In base 8, what is -60047 + 11?
-60036
In base 9, what is -36542 - -14?
-36527
In base 14, what is -4 - 1a523?
-1a527
In base 4, what is 12110 - -133232?
212002
In base 5, what is -13011 - -1103?
-11403
In base 11, what is -2873 + -32?
-28a5
In base 16, what is 5 + 128aa?
128af
In base 15, what is -1d1e - 3?
-1d22
In base 3, what is -102 + -21111221?
-21112100
In base 11, what is -1387 - 22?
-13a9
In base 10, what is -46 - 46?
-92
In base 6, what is 1504 + 2234?
4142
In base 13, what is -35c49 - -3?
-35c46
In base 8, what is 12021 - -212?
12233
In base 6, what is -2 + -404301?
-404303
In base 10, what is -3 + 5504?
5501
In base 6, what is -14 - -215322?
215304
In base 7, what is 45 - 5203?
-5125
In base 16, what is 3 + 4eff?
4f02
In base 2, what is 101 - 111111111011110?
-111111111011001
In base 3, what is -2101101201 + 11?
-2101101120
In base 6, what is 1203001 - -5?
1203010
In base 11, what is 5 + 302a9?
30303
In base 7, what is 5 - -365064?
365102
In base 14, what is 1666 + -20?
1646
In base 15, what is -4 + 1ad5e?
1ad5a
In base 5, what is -221 + -214?
-440
In base 8, what is 15432 - -55?
15507
In base 3, what is -10 + 212000122?
212000112
In base 2, what is -110100111101 - 1111101?
-110110111010
In base 11, what is 508 + 3230?
3738
In base 4, what is -111120223 - 11?
-111120300
In base 5, what is -2 - 224124413?
-224124420
In base 14, what is 3 + -25dad?
-25daa
In base 14, what is -7607 + -1a?
-7623
In base 4, what is -11323213 - 112?
-11323331
In base 9, what is -661 + 50?
-611
In base 9, what is -53876 - -2?
-53874
In base 2, what is -1110010100110101010 + 100?
-1110010100110100110
In base 6, what is -1 - 104412?
-104413
In base 7, what is -1536016 + 1?
-1536015
In base 6, what is -1155 + -3024?
-4223
In base 8, what is -27770 + -632?
-30622
In base 7, what is -6 - -23212?
23203
In base 15, what is 58e08 + 1?
58e09
In base 9, what is 20116 - 25?
20081
In base 10, what is -63629 + 2?
-63627
In base 15, what is 0 - -163d7?
163d7
In base 10, what is -1264 - 122?
-1386
In base 6, what is -2015 - 5051?
-11110
In base 6, what is 41415 + -3?
41412
In base 2, what is 1011 + 111110111000?
111111000011
In base 6, what is 21005 - 125?
20440
In base 13, what is 4 - -46413?
46417
In base 4, what is -33001303 - 113?
-33002022
In base 3, what is 20101 - 20211011?
-20120210
In base 15, what is 1ce - 39?
195
In base 12, what is -67 - -14?
-53
In base 16, what is 3b - -a9d?
ad8
In base 10, what is 5 + 66581?
66586
In base 16, what is 7f8 - 5?
7f3
In base 12, what is 5681 + -10?
5671
In base 6, what is 30110 + 140?
30250
In base 11, what is 26 - -172514?
17253a
In base 15, what is 2 - -672eb?
672ed
In base 3, what is 202122102001 - 1?
202122102000
In base 7, what is -2656555 + 5?
-2656550
In base 4, what is -22103 + 20221?
-1222
In base 11, what is -484a + -2?
-4851
In base 5, what is 233 - 2322?
-2034
In base 14, what is -55 - 117?
-16c
In base 7, what is -230163 - -2?
-230161
In base 5, what is -412 - -201140?
200223
In base 5, what is -223113 - -30?
-223033
In base 3, what is 1 + 100101120020?
100101120021
In base 6, what is 1 - 213121?
-213120
In base 9, what is -3 - -16612?
16608
In base 9, what is 324551 + -5?
324545
In base 3, what is -102202 - 212?
-110121
In base 2, what is -1100100100 - -1101001?
-1010111011
In base 5, what is 10 + -330033?
-330023
In base 10, what is -4 + 25626?
25622
In base 2, what is -11000101001110010 - 101?
-11000101001110111
In base 3, what is 22 - 111121022?
-111121000
In base 9, what is 78638 - -15?
78654
In base 3, what is -12 + 2020022212?
2020022200
In base 8, what is -46757 + 27?
-46730
In base 4, what is 2030 + -1232220?
-1230130
In base 12, what is -46 + 690?
646
In base 10, what is -56 + 74595?
74539
In base 10, what is 140 + 1541?
1681
In base 7, what is -12 - 10623?
-10635
In base 10, what is 709 + 1738?
2447
In base 15, what is 53a70 + 4?
53a74
In base 12, what is 8 + -6358?
-6350
In base 10, what is -105 - 8484?
-8589
In base 3, what is -11001 + -22112?
-110120
In base 14, what is -672 + 144a?
bb8
In base 4, what is 11010312112 + 1?
11010312113
In base 12, what is -2 + 3bbb3?
3bbb1
In base 6, what is -121 - 111?
-232
In base 5, what is -311314 + 4?
-311310
In base 5, what is -14 - -2313?
2244
In base 14, what is -155 + 583?
42c
In base 11, what is 9a116 - -1?
9a117
In base 2, what is -1011101010 + -1000000011?
-10011101101
In base 3, what is -1012 + 2220011?
2211222
In base 16, what is 2 - -1104?
1106
In base 2, what is 10 + -1011000100101?
-1011000100011
In base 12, what is -80604 - 1?
-80605
In base 11, what is -37099 - 0?
-37099
In base 16, what is 4ee - -2?
4f0
In base 4, what is 122 - -33102?
33230
In base 11, what is 178 + 75a?
927
In base 13, what is 2 - -14100?
14102
In base 15, what is 2359d + 4?
235a2
In base 13, what is 3 + 20c30?
20c33
In base 12, what is 11951 - 0?
11951
In base 2, what is -101110010100 - -10110010011?
-11000000001
In base 11, what is -3 + 154105?
154102
In base 7, what is 200 - -114?
314
In base 9, what is 228355 + -36?
228318
In base 9, what is 1525013 + -3?
1525010
In base 8, what is -7467 - -1?
-7466
In base 9, what is 546331 - 10?
546321
In base 9, what is 21745 - -5?
21751
In base 13, what is 27b8 + -5?
27b3
In base 5, what is 1032134 - 3?
1032131
In base 16, what is f + 5f?
6e
In base 10, what is -11798 + -2?
-11800
In base 16, what is 5 - 6f41?
-6f3c
In base 4, what is 1 - -3021113312?
3021113313
In base 7, what is -16140 - 11?
-16151
In base 3, what is -111 + -12200112?
-12201000
In base 13, what is 26 + -7c26?
-7c00
In base 16, what is 300fc + 6?
30102
In base 2, what is -1000 - -1001110110000001000?
1001110110000000000
In base 10, what is 2877 + -1566?
1311
In base 7, what is -6 + -630125?
-630134
In base 12, what is a504 + -1?
a503
In base 11, what is 1 + 4633?
4634
In base 14, what is 64 + 168?
1cc
In base 12, what is 1649bb - 0?
1649bb
In base 8, what is 4410 + 2?
4412
In base 11, what is -58 - 241?
-299
In base 15, what is -1 + 6d01?
6d00
In base 3, what is -20002212 + -10?
-20002222
In base 7, what is 105253 - 6?
105244
In base 14, what is 199 + -47?
152
In base 3, what is 2 + -1221110021?
-1221110012
In base 12, what is -1136a2 + 4?
-11369a
In base 11, what is -5 + -113?
-118
In base 8, what is -150727 + 2?
-150725
In base 11, what is 5 + 359a?
35a4
In base 3, what is 22120 - 1011212?
-212022
In base 15, what is 7edb - -53?
803e
In base 5, what is 224100 - 104?
223441
In base 8, what is 2 + -101400?
-101376
In base 3, what is -1012001110 - 11?
-1012001121
In base 12, what is -a773 + 3?
-a770
In base 11, what is -18772 + 2?
-18770
In base 4, what is 1111 - 1331211?
-1330100
In base 8, what is -1 - 63210?
-63211
In base 12, what is 232350 + -4?
232348
In base 12, what is -585099 + 4?
-585095
In base 6, what is -3053 - 40?
-3133
In base 3, what is 2210121100 + 1?
2210121101
In base 3, what is 10 - 2221022200?
-2221022120
In base 6, what is -4 - 103012?
-103020
In base 3, what is 21001 + -1202200?
-1111122
In base 8, what is -3 + 357376?
357373
In base 6, what is -142332 + 4?
-142324
In base 9, what is -4 + -25775?
-25780
In base 8, what is -1 - 307710?
-307711
In base 16, what is 5ae + -53f?
6f
In base 14, what is a - 17c?
-172
In base 2, what is 1011110111011101111 + 10000?
1011110111011111111
In base 8, what is -2205 - 403?
-2610
In base 13, what is -2908 + -22?
-292a
In base 4, what is 10121021 + -12?
10121003
In base 3, what is 21220212 + -120?
21220022
In base 3, what is -102111 - 10001122?
-10111010
In base 13, what i